d 170.
170
What is the highest common divisor of 1020 and 1428?
204
What is the highest common factor of 5715576 and 216?
216
What is the highest common factor of 73831 and 6579?
731
What is the highest common factor of 1519 and 2933?
7
What is the greatest common factor of 400 and 1475?
25
What is the highest common factor of 342664 and 210?
14
Calculate the greatest common divisor of 657 and 4275.
9
Calculate the highest common divisor of 186214 and 658.
658
Calculate the highest common factor of 11191 and 3249.
361
Calculate the greatest common factor of 330 and 28600.
110
What is the highest common factor of 1673060 and 8?
4
Calculate the greatest common factor of 381 and 3.
3
Calculate the highest common divisor of 117283 and 17.
17
What is the highest common divisor of 13 and 15899?
13
What is the highest common divisor of 157389 and 483?
69
Calculate the highest common divisor of 1075 and 1247.
43
Calculate the highest common divisor of 805 and 14651.
161
Calculate the greatest common factor of 433070 and 124.
62
Calculate the greatest common factor of 413 and 748356.
413
What is the highest common factor of 1957690 and 14?
14
Calculate the highest common divisor of 358 and 124942.
358
What is the greatest common divisor of 264 and 984?
24
What is the highest common factor of 5495 and 56520?
785
What is the highest common factor of 618225 and 150?
75
Calculate the highest common factor of 633100 and 416.
52
What is the highest common factor of 43254 and 2430?
486
What is the greatest common divisor of 3427568 and 178?
178
Calculate the greatest common divisor of 27 and 729.
27
What is the highest common divisor of 20 and 2306060?
20
Calculate the greatest common divisor of 46556 and 9476.
412
Calculate the highest common divisor of 12 and 4794.
6
What is the highest common divisor of 756 and 149100?
84
What is the highest common factor of 42 and 103278?
42
What is the greatest common factor of 555 and 8550?
15
Calculate the greatest common divisor of 96 and 1328.
16
Calculate the greatest common factor of 508113 and 1394.
697
What is the greatest common divisor of 1272147 and 93?
93
Calculate the highest common factor of 611 and 503041.
47
What is the highest common factor of 2706 and 3102?
66
Calculate the highest common factor of 1512369 and 853.
853
What is the greatest common factor of 551 and 226043?
19
What is the greatest common divisor of 94 and 1438529?
47
Calculate the greatest common factor of 4055604 and 84.
84
What is the highest common divisor of 7400 and 1640?
40
What is the greatest common divisor of 30118 and 132?
22
Calculate the greatest common divisor of 1838028 and 4.
4
What is the greatest common divisor of 38291 and 132?
11
What is the greatest common factor of 4329 and 63?
9
What is the highest common factor of 5562 and 9682?
206
Calculate the highest common factor of 43 and 934.
1
What is the greatest common factor of 1818677 and 217?
217
What is the highest common factor of 1848176 and 352?
176
Calculate the greatest common factor of 1790 and 104894.
358
Calculate the greatest common factor of 46 and 1942.
2
Calculate the greatest common divisor of 112 and 1024.
16
What is the highest common divisor of 9178 and 93898?
706
What is the highest common divisor of 2718 and 176821?
151
What is the greatest common factor of 405 and 865?
5
Calculate the highest common factor of 408 and 1496.
136
What is the greatest common factor of 36 and 12173100?
12
Calculate the highest common factor of 9177 and 21735.
483
Calculate the greatest common factor of 987 and 32712.
141
What is the highest common factor of 404 and 53227?
101
What is the greatest common divisor of 9 and 18189?
9
Calculate the greatest common factor of 10493327 and 767.
767
Calculate the highest common factor of 768 and 606144.
192
What is the highest common divisor of 6 and 699?
3
Calculate the highest common divisor of 7020 and 4.
4
What is the greatest common divisor of 9571 and 15201?
563
What is the greatest common factor of 312189 and 627?
57
What is the highest common factor of 627291 and 6993?
189
Calculate the highest common divisor of 57 and 61123.
19
Calculate the greatest common factor of 197340 and 2576.
92
Calculate the highest common factor of 208 and 6704.
16
Calculate the greatest common factor of 53013 and 861.
123
Calculate the highest common divisor of 85 and 33260.
5
Calculate the greatest common factor of 1102410 and 390.
30
What is the highest common factor of 106650 and 16200?
1350
Calculate the highest common factor of 10028 and 322.
46
Calculate the greatest common factor of 648 and 384.
24
What is the highest common divisor of 91439 and 183?
61
Calculate the greatest common divisor of 385000 and 90.
10
What is the greatest common factor of 95142 and 3297?
471
What is the greatest common divisor of 75799 and 229?
229
Calculate the highest common divisor of 6270 and 950.
190
What is the highest common divisor of 32841 and 21627?
801
Calculate the highest common factor of 995280 and 1680.
240
What is the highest common factor of 5454 and 9494?
202
What is the greatest common factor of 64032 and 54027?
2001
What is the greatest common factor of 496 and 2064?
16
What is the highest common factor of 1397 and 25654?
127
What is the highest common divisor of 6171 and 18997?
121
What is the highest common divisor of 1152 and 1143?
9
What is the highest common divisor of 2509 and 2197?
13
What is the highest common factor of 576 and 328464?
144
What is the highest common divisor of 13020 and 58170?
210
What is the greatest common factor of 366 and 8418?
366
Calculate the highest common divisor of 50334 and 24.
6
What is the highest common divisor of 14329 and 3827?
89
What is the highest common divisor of 86 and 6407?
43
What is the highest common divisor of 26503 and 1373479?
1559
What is the greatest common divisor of 3080 and 184745?
55
Calculate the highest common factor of 2750 and 38225.
275
Calculate the greatest common divisor of 16812 and 2172.
12
Calculate the highest common factor of 1134 and 324.
162
What is the greatest common divisor of 2844 and 504?
36
What is the highest common factor of 14 and 207508?
14
Calculate the highest common divisor of 392 and 498428.
196
Calculate the greatest common divisor of 1763927 and 77.
11
Calculate the greatest common divisor of 184 and 299.
23
What is the highest common divisor of 259 and 6237?
7
Calculate the highest common factor of 264 and 247368.
264
What is the greatest common divisor of 46 and 668196?
46
Calculate the highest common factor of 6705 and 180.
45
Calculate the greatest common divisor of 1380 and 63135.
345
What is the greatest common factor of 16098 and 30?
6
Calculate the highest common factor of 185449 and 1518.
253
Calculate the highest common factor of 885 and 1905.
15
What is the highest common divisor of 338675 and 2356?
589
Calculate the greatest common divisor of 13237 and 124.
31
Calculate the greatest common factor of 210 and 8890.
70
What is the highest common factor of 297 and 15741?
297
Calculate the greatest common divisor of 792 and 957.
33
Calculate the highest common factor of 709884 and 168.
84
What is the greatest common divisor of 11 and 65329?
11
Calculate the highest common divisor of 855 and 780.
15
What is the highest common factor of 5969 and 329?
47
Calculate the highest common factor of 204861 and 46.
23
What is the highest common factor of 389 and 275801?
389
Calculate the highest common factor of 420 and 35580.
60
What is the greatest common factor of 126 and 1497594?
42
What is the greatest common factor of 2013 and 685762?
671
What is the highest common divisor of 40390 and 14?
14
What is the highest common divisor of 20628 and 99?
9
What is the greatest common factor of 726 and 366993?
363
Calculate the highest common divisor of 39308 and 200344.
1268
What is the greatest common divisor of 272 and 4078232?
136
What is the greatest common factor of 19612 and 92?
4
What is the highest common divisor of 1313 and 1261?
13
Calculate the greatest common divisor of 73852 and 14970.
998
What is the highest common factor of 6196 and 1284?
4
Calculate the highest common divisor of 63 and 3102.
3
Calculate the greatest common factor of 441 and 